re the prime factors of 4945779372?
2, 3, 412148281
What are the prime factors of 995423366?
2, 7, 71101669
What are the prime factors of 3701057969?
7, 89, 1973, 3011
What are the prime factors of 36055599?
3, 12018533
What are the prime factors of 361467352?
2, 2621, 17239
List the prime factors of 33665668.
2, 127, 66271
List the prime factors of 29916861.
3, 13, 643, 1193
What are the prime factors of 52039018?
2, 23, 31, 36493
List the prime factors of 402436589.
23, 17497243
What are the prime factors of 7411416645?
3, 5, 17, 29064379
What are the prime factors of 830102057?
43, 167, 115597
List the prime factors of 50440969.
50440969
What are the prime factors of 239472616?
2, 101, 296377
List the prime factors of 1822688576.
2, 47, 605947
What are the prime factors of 668073696?
2, 3, 29, 317, 757
What are the prime factors of 328158310?
2, 5, 17, 19, 283, 359
What are the prime factors of 439284844?
2, 109821211
List the prime factors of 39078741.
3, 13, 131, 7649
List the prime factors of 880210499.
7, 103, 1220819
List the prime factors of 758162808.
2, 3, 13, 270001
List the prime factors of 56685182.
2, 83, 341477
What are the prime factors of 984026150?
2, 5, 19, 131, 7907
What are the prime factors of 1986757265?
5, 587, 676919
List the prime factors of 117330538.
2, 13, 4512713
List the prime factors of 172040011.
11, 13, 1203077
What are the prime factors of 9078397?
9078397
List the prime factors of 74468048.
2, 1429, 3257
List the prime factors of 31318395.
3, 5, 1171, 1783
List the prime factors of 65461362.
2, 3, 37, 149, 1979
List the prime factors of 2249145452.
2, 3919, 143477
What are the prime factors of 198000680?
2, 5, 109, 45413
What are the prime factors of 23820190?
2, 5, 137, 17387
What are the prime factors of 1029485229?
3, 523, 656141
What are the prime factors of 51293317?
811, 63247
List the prime factors of 87212471.
43, 2028197
What are the prime factors of 1059143262?
2, 3, 176523877
List the prime factors of 1016343013.
7, 743, 195413
What are the prime factors of 47330951?
47330951
What are the prime factors of 3312577860?
2, 3, 5, 47, 1174673
What are the prime factors of 123101295?
3, 5, 1487, 5519
List the prime factors of 9288938.
2, 809, 5741
What are the prime factors of 4125096049?
4125096049
List the prime factors of 2873386.
2, 1436693
List the prime factors of 7440943453.
29, 8847733
List the prime factors of 87989033.
11, 821, 9743
What are the prime factors of 5478300984?
2, 3, 13, 1103, 15919
List the prime factors of 6542939103.
3, 2180979701
List the prime factors of 6401207115.
3, 5, 17, 2789197
What are the prime factors of 137804906?
2, 127, 542539
List the prime factors of 52907981.
7, 23, 328621
What are the prime factors of 4516261?
257, 17573
What are the prime factors of 247373311?
193, 1281727
List the prime factors of 52126882.
2, 26063441
What are the prime factors of 2932220497?
2932220497
What are the prime factors of 4223167946?
2, 409, 683, 7559
List the prime factors of 789243676.
2, 13, 3769, 4027
What are the prime factors of 14094410?
2, 5, 11, 37, 3463
List the prime factors of 5318575.
5, 19, 11197
What are the prime factors of 1391099921?
31, 367, 122273
What are the prime factors of 152651332?
2, 283, 134851
What are the prime factors of 2033460689?
13, 37, 229, 18461
List the prime factors of 172126575.
3, 5, 765007
What are the prime factors of 675453109?
641, 1053749
What are the prime factors of 18252331?
19, 960649
List the prime factors of 7108689395.
5, 53, 26825243
What are the prime factors of 42149477?
17, 2479381
List the prime factors of 210563044.
2, 41, 67, 19163
List the prime factors of 2118338583.
3, 613, 691, 1667
What are the prime factors of 127275472?
2, 53, 150089
List the prime factors of 432532306.
2, 107, 2021179
List the prime factors of 128966435.
5, 13, 152623
List the prime factors of 176907376.
2, 113, 97847
List the prime factors of 87594714.
2, 3, 83, 58631
What are the prime factors of 230212708?
2, 11, 17, 53, 5807
List the prime factors of 117114709.
117114709
List the prime factors of 1173006354.
2, 3, 13, 47, 151, 163
List the prime factors of 350210.
2, 5, 7, 5003
What are the prime factors of 1825882779?
3, 7, 86946799
What are the prime factors of 55492427?
55492427
What are the prime factors of 49618022?
2, 97, 255763
What are the prime factors of 5437485060?
2, 3, 5, 7, 12946393
What are the prime factors of 71183841?
3, 271, 87557
What are the prime factors of 1032265528?
2, 7, 31, 41, 14503
What are the prime factors of 1713784495?
5, 11959, 28661
What are the prime factors of 260164649?
37, 7031477
List the prime factors of 35684906.
2, 29, 31, 89, 223
What are the prime factors of 50564212?
2, 23, 71, 7741
What are the prime factors of 2373498025?
5, 94939921
List the prime factors of 492212814.
2, 3, 82035469
List the prime factors of 315026048.
2, 17, 144773
List the prime factors of 94250177.
7, 131, 14683
List the prime factors of 1998458.
2, 7, 11, 19, 683
List the prime factors of 889967490.
2, 3, 5, 29665583
What are the prime factors of 7364790083?
7, 4441, 236909
What are the prime factors of 2355250315?
5, 11, 757, 56569
List the prime factors of 221677071.
3, 7, 11, 67, 14323
What are the prime factors of 1667689521?
3, 1319, 421453
List the prime factors of 3986741489.
47, 84824287
What are the prime factors of 3623088027?
3, 13, 92899693
What are the prime factors of 24786252?
2, 3, 61, 11287
List the prime factors of 68154335.
5, 13630867
List the prime factors of 5996222.
2, 2998111
List the prime factors of 70518366.
2, 3, 31, 43, 2939
What are the prime factors of 147275351?
7297, 20183
What are the prime factors of 582084578?
2, 29, 10035941
List the prime factors of 548658164.
2, 137164541
List the prime factors of 4554543918.
2, 3, 43, 17653271
What are the prime factors of 52125818?
2, 29, 31, 53, 547
List the prime factors of 32124663.
3, 29, 123083
What are the prime factors of 86720541?
3, 19, 103, 14771
List the prime factors of 260159145.
3, 5, 29, 41, 503
What are the prime factors of 506554899?
3, 17, 173, 57413
List the prime factors of 8913686150.
2, 5, 178273723
What are the prime factors of 69108705?
3, 5, 83, 18503
What are the prime factors of 52010927?
52010927
List the prime factors of 97066927.
97066927
What are the prime factors of 554765973?
3, 251, 736741
List the prime factors of 1278899318.
2, 639449659
What are the prime factors of 322288465?
5, 17, 223037
List the prime factors of 584708882.
2, 292354441
List the prime factors of 24852945.
3, 5, 13, 233, 547
List the prime factors of 552502423.
11, 50227493
What are the prime factors of 22436430?
2, 3, 5, 17, 29, 37, 41
What are the prime factors of 1147234150?
2, 5, 22944683
List the prime factors of 1095447378.
2, 3, 182574563
What are the prime factors of 89552130?
2, 3, 5, 19, 157109
List the prime factors of 1911599959.
43, 193, 230341
List the prime factors of 920138349.
3, 13, 587, 40193
What are the prime factors of 1788654032?
2, 11, 839, 12113
What are the prime factors of 247910574?
2, 3, 53, 779593
What are the prime factors of 168851196?
2, 3, 43, 103, 353
List the prime factors of 2038907319.
3, 89, 7636357
What are the prime factors of 18992225?
5, 7, 41, 2647
What are the prime factors of 436822622?
2, 97, 241, 9343
What are the prime factors of 3746790167?
3746790167
What are the prime factors of 2012113510?
2, 5, 11, 2677, 6833
List the prime factors of 57465433.
57465433
What are the prime factors of 226888048?
2, 14180503
What are the prime factors of 353189484?
2, 3, 17, 64123
What are the prime factors of 933451938?
2, 3, 1920683
List the prime factors of 34452313.
7, 4921759
What are the prime factors of 227801098?
2, 7, 2324501
What are the prime factors of 30594157?
11, 353, 7879
What are the prime factors of 562781821?
7, 17, 1531, 3089
List the prime factors of 6627911908.
2, 41, 3461, 11677
What are the prime factors of 82496165?
5, 16499233
List the prime factors of 42007642.
2, 21003821
List the prime factors of 500979682.
2, 7, 137, 269, 971
List the prime factors of 5941301065.
5, 7, 1487, 114157
List the prime factors of 908738560.
2, 5, 11093
List the prime factors of 4139852803.
149, 277